{"id":743,"date":"2019-08-15T14:51:41","date_gmt":"2019-08-15T12:51:41","guid":{"rendered":"http:\/\/trashou.com\/?page_id=743"},"modified":"2019-09-26T14:25:44","modified_gmt":"2019-09-26T12:25:44","slug":"autres-prestations","status":"publish","type":"page","link":"https:\/\/trashou.com\/index.php\/prestations\/autres-prestations\/","title":{"rendered":"Autres prestations"},"content":{"rendered":"<div id=\"pl-gb743-69e76b7046379\"  class=\"panel-layout\" ><div id=\"pg-gb743-69e76b7046379-0\"  class=\"panel-grid panel-no-style\" ><div id=\"pgc-gb743-69e76b7046379-0-0\"  class=\"panel-grid-cell\" ><div id=\"panel-gb743-69e76b7046379-0-0-0\" class=\"so-panel widget widget_media_image panel-first-child panel-last-child\" data-index=\"0\" ><img loading=\"lazy\" decoding=\"async\" width=\"1920\" height=\"700\" src=\"https:\/\/trashou.com\/wp-content\/uploads\/2019\/09\/speed-light-1920x700.jpg\" class=\"image wp-image-1048  attachment-full size-full\" alt=\"\" style=\"max-width: 100%; height: auto;\" srcset=\"https:\/\/trashou.com\/wp-content\/uploads\/2019\/09\/speed-light-1920x700.jpg 1920w, https:\/\/trashou.com\/wp-content\/uploads\/2019\/09\/speed-light-1920x700-300x109.jpg 300w, https:\/\/trashou.com\/wp-content\/uploads\/2019\/09\/speed-light-1920x700-768x280.jpg 768w, https:\/\/trashou.com\/wp-content\/uploads\/2019\/09\/speed-light-1920x700-1024x373.jpg 1024w\" sizes=\"auto, (max-width: 1920px) 100vw, 1920px\" \/><\/div><\/div><\/div><div id=\"pg-gb743-69e76b7046379-1\"  class=\"panel-grid panel-no-style\" ><div id=\"pgc-gb743-69e76b7046379-1-0\"  class=\"panel-grid-cell\" ><div id=\"panel-gb743-69e76b7046379-1-0-0\" class=\"so-panel widget widget_siteorigin-panels-builder panel-first-child panel-last-child\" data-index=\"1\" ><div id=\"pl-w5d8b19a42dda1\"  class=\"panel-layout\" ><div id=\"pg-w5d8b19a42dda1-0\"  class=\"panel-grid panel-no-style\" ><div id=\"pgc-w5d8b19a42dda1-0-0\"  class=\"panel-grid-cell\" ><div id=\"panel-w5d8b19a42dda1-0-0-0\" class=\"so-panel widget widget_text panel-first-child panel-last-child\" data-index=\"0\" >\t\t\t<div class=\"textwidget\"><p>Le webmaster est un peu le couteau-suisse du web&nbsp;: il a plusieurs cordes \u00e0 son arc !<br \/>\nVoici d&rsquo;autres types d&rsquo;intervention que je suis capable de r\u00e9aliser pour vous\u00a0:<\/p>\n<\/div>\n\t\t<\/div><\/div><\/div><div id=\"pg-w5d8b19a42dda1-1\"  class=\"panel-grid panel-no-style\" ><div id=\"pgc-w5d8b19a42dda1-1-0\"  class=\"panel-grid-cell\" ><div id=\"panel-w5d8b19a42dda1-1-0-0\" class=\"so-panel widget widget_text panel-first-child panel-last-child\" data-index=\"1\" ><div class=\"flash_inherit_color panel-widget-style panel-widget-style-for-w5d8b19a42dda1-1-0-0\" >\t\t\t<div class=\"textwidget\"><h4 style=\"padding-top: 0px !important; margin-top: 0px !important; font-size: 18px;color: #004a98 !important;\">Webdesign<\/h4>\n<p><strong>Cr\u00e9ation de charte graphique<\/strong> et <strong>logo<\/strong> (uniformisation de votre image sur tous vos supports de communication (papier \u00e0 lettre, habillage d&rsquo;e-mail, plaquettes\u2026)<\/p>\n<p>\u00e0 partir de <strong>1200 \u20ac HT*<\/strong><\/p>\n<\/div>\n\t\t<\/div><\/div><\/div><\/div><div id=\"pg-w5d8b19a42dda1-2\"  class=\"panel-grid panel-no-style\" ><div id=\"pgc-w5d8b19a42dda1-2-0\"  class=\"panel-grid-cell\" ><div id=\"panel-w5d8b19a42dda1-2-0-0\" class=\"so-panel widget widget_text panel-first-child panel-last-child\" data-index=\"2\" ><div class=\"flash_inherit_color panel-widget-style panel-widget-style-for-w5d8b19a42dda1-2-0-0\" >\t\t\t<div class=\"textwidget\"><h4 style=\"padding-top: 0px !important; margin-top: 0px !important; font-size: 18px;color: #004a98 !important;\">Cr\u00e9ation de banni\u00e8res<\/h4>\n<p>Cr\u00e9ation de <strong>banni\u00e8res anim\u00e9es<\/strong> (GIF ou HTML5) pour vos \u00e9changes de liens, promotions on-line ou autres.<\/p>\n<p>\u00e0 partir de <strong>200 \u20ac HT*<\/strong><\/p>\n<\/div>\n\t\t<\/div><\/div><\/div><\/div><div id=\"pg-w5d8b19a42dda1-3\"  class=\"panel-grid panel-no-style\" ><div id=\"pgc-w5d8b19a42dda1-3-0\"  class=\"panel-grid-cell\" ><div id=\"panel-w5d8b19a42dda1-3-0-0\" class=\"so-panel widget widget_text panel-first-child panel-last-child\" data-index=\"3\" ><div class=\"flash_inherit_color panel-widget-style panel-widget-style-for-w5d8b19a42dda1-3-0-0\" >\t\t\t<div class=\"textwidget\"><h4 style=\"padding-top: 0px !important; margin-top: 0px !important; font-size: 18px;color: #004a98 !important;\">Duplication de site en version \u00e9trang\u00e8re<\/h4>\n<p>Copi\u00e9\/coll\u00e9 d&rsquo;un site existant r\u00e9alis\u00e9 en HTML sur un <strong>nouveau nom de domaine<\/strong>, un <strong>nouvel h\u00e9bergement<\/strong> (optimisation du <strong>r\u00e9f\u00e9rencement<\/strong> et de la <strong>localisation<\/strong>), <strong>duplication de la charte graphique<\/strong>.<\/p>\n<p>\u00e0 partir de <strong>1000 \u20ac HT*<\/strong><\/p>\n<\/div>\n\t\t<\/div><\/div><\/div><\/div><div id=\"pg-w5d8b19a42dda1-4\"  class=\"panel-grid panel-no-style\" ><div id=\"pgc-w5d8b19a42dda1-4-0\"  class=\"panel-grid-cell\" ><div id=\"panel-w5d8b19a42dda1-4-0-0\" class=\"so-panel widget widget_text panel-first-child panel-last-child\" data-index=\"4\" ><div class=\"flash_inherit_color panel-widget-style panel-widget-style-for-w5d8b19a42dda1-4-0-0\" >\t\t\t<div class=\"textwidget\"><h4 style=\"padding-top: 0px !important; margin-top: 0px !important; font-size: 18px; color: #004a98 !important;\">D\u00e9veloppement dynamique<\/h4>\n<p>Ajout de <strong>modules dynamiques<\/strong> (PHP ou Jquery) <strong>administrable<\/strong> ou non par vous-m\u00eame (news\/actualit\u00e9, emaillings, animations, simulateurs\u2026) sans risque de bloquer l&rsquo;utilisation du site.<\/p>\n<p><a href=\"https:\/\/trashou.com\/index.php\/contact\/\"><strong>Sur devis<\/strong><\/a><\/p>\n<\/div>\n\t\t<\/div><\/div><\/div><\/div><div id=\"pg-w5d8b19a42dda1-5\"  class=\"panel-grid panel-no-style\" ><div id=\"pgc-w5d8b19a42dda1-5-0\"  class=\"panel-grid-cell\" ><div id=\"panel-w5d8b19a42dda1-5-0-0\" class=\"so-panel widget widget_text panel-first-child panel-last-child\" data-index=\"5\" ><div class=\"flash_inherit_color panel-widget-style panel-widget-style-for-w5d8b19a42dda1-5-0-0\" >\t\t\t<div class=\"textwidget\"><h4 style=\"padding-top: 0px !important; margin-top: 0px !important; font-size: 18px; color: #004a98 !important;\">Conseil<\/h4>\n<p>En tant qu&rsquo;utilisateur avanc\u00e9 du web et du fait de toutes mes exp\u00e9riences pass\u00e9es, je vous propose des prestations de <strong>conseil<\/strong> en <strong>strat\u00e9gie<\/strong>, <strong>positionnement<\/strong>, <strong>\u00e9volution<\/strong>, pour vous aider \u00e0 mieux appr\u00e9hender cet \u00e9cosyst\u00e8me et pr\u00e9parer au mieux l&rsquo;avenir de votre pr\u00e9sence digitale.<\/p>\n<p><a href=\"https:\/\/trashou.com\/index.php\/contact\/\"><strong>Sur devis<\/strong><\/a><\/p>\n<\/div>\n\t\t<\/div><\/div><\/div><\/div><div id=\"pg-w5d8b19a42dda1-6\"  class=\"panel-grid panel-no-style\" ><div id=\"pgc-w5d8b19a42dda1-6-0\"  class=\"panel-grid-cell\" ><div id=\"panel-w5d8b19a42dda1-6-0-0\" class=\"so-panel widget widget_text panel-first-child panel-last-child\" data-index=\"6\" ><div class=\"flash_inherit_color panel-widget-style panel-widget-style-for-w5d8b19a42dda1-6-0-0\" >\t\t\t<div class=\"textwidget\"><h4 style=\"padding-top: 0px !important; margin-top: 0px !important; font-size: 18px;color: #004a98 !important;\">Print \/ \u00e9dition<\/h4>\n<p>R\u00e9alisation de <strong>flyers<\/strong>, <strong>visuels<\/strong>, <strong>plaquettes<\/strong>, <strong>encarts publicitaires<\/strong>, <strong>cartes de visite<\/strong>, <strong>papiers \u00e0 lettre personnalis\u00e9s<\/strong>, <strong>gabarits corporate pour PowerPoint<\/strong>&#8230;<\/p>\n<p>\u00e0 partir de <strong>80 \u20ac HT*<\/strong><\/p>\n<\/div>\n\t\t<\/div><\/div><\/div><\/div><\/div><\/div><\/div><\/div><div id=\"pg-gb743-69e76b7046379-2\"  class=\"panel-grid panel-no-style\" ><div id=\"pgc-gb743-69e76b7046379-2-0\"  class=\"panel-grid-cell\" ><div id=\"panel-gb743-69e76b7046379-2-0-0\" class=\"so-panel widget widget_themegrill_flash_cta tg-widget call-to-action-section panel-first-child panel-last-child\" data-index=\"2\" ><div class=\"flash_inherit_color panel-widget-style panel-widget-style-for-gb743-69e76b7046379-2-0-0\" ><div class=\"cta-wrapper call-to-action-section-layout-2\">\n\t<div class=\"section-title-wrapper\">\n\t\t\t\t<h3 class=\"section-title\">Vous souhaitez en savoir plus ?<\/h3>\n\t\t\t<\/div>\n\t\t<div class=\"btn-wrapper\">\n\t\t\t\t<a class=\"btn\" href=\"https:\/\/trashou.com\/index.php\/contact\/\">Contactez-moi<\/a>\n\t\t\t\t\t<\/div>\n\t<\/div>\n<\/div><\/div><\/div><\/div><\/div>","protected":false},"excerpt":{"rendered":"","protected":false},"author":2,"featured_media":0,"parent":705,"menu_order":0,"comment_status":"closed","ping_status":"closed","template":"","meta":{"footnotes":""},"class_list":["post-743","page","type-page","status-publish","hentry"],"yoast_head":"<!-- This site is optimized with the Yoast SEO plugin v27.4 - https:\/\/yoast.com\/product\/yoast-seo-wordpress\/ -->\n<title>Autres prestations - Trashou.com<\/title>\n<meta name=\"robots\" content=\"index, follow, max-snippet:-1, max-image-preview:large, max-video-preview:-1\" \/>\n<link rel=\"canonical\" href=\"https:\/\/trashou.com\/index.php\/prestations\/autres-prestations\/\" \/>\n<meta property=\"og:locale\" content=\"fr_FR\" \/>\n<meta property=\"og:type\" content=\"article\" \/>\n<meta property=\"og:title\" content=\"Autres prestations - Trashou.com\" \/>\n<meta property=\"og:url\" content=\"https:\/\/trashou.com\/index.php\/prestations\/autres-prestations\/\" \/>\n<meta property=\"og:site_name\" content=\"Trashou.com\" \/>\n<meta property=\"article:publisher\" content=\"https:\/\/www.facebook.com\/Trashoucom\" \/>\n<meta property=\"article:modified_time\" content=\"2019-09-26T12:25:44+00:00\" \/>\n<meta name=\"twitter:card\" content=\"summary_large_image\" \/>\n<script type=\"application\/ld+json\" class=\"yoast-schema-graph\">{\"@context\":\"https:\\\/\\\/schema.org\",\"@graph\":[{\"@type\":\"WebPage\",\"@id\":\"https:\\\/\\\/trashou.com\\\/index.php\\\/prestations\\\/autres-prestations\\\/\",\"url\":\"https:\\\/\\\/trashou.com\\\/index.php\\\/prestations\\\/autres-prestations\\\/\",\"name\":\"Autres prestations - Trashou.com\",\"isPartOf\":{\"@id\":\"https:\\\/\\\/trashou.com\\\/#website\"},\"datePublished\":\"2019-08-15T12:51:41+00:00\",\"dateModified\":\"2019-09-26T12:25:44+00:00\",\"breadcrumb\":{\"@id\":\"https:\\\/\\\/trashou.com\\\/index.php\\\/prestations\\\/autres-prestations\\\/#breadcrumb\"},\"inLanguage\":\"fr-FR\",\"potentialAction\":[{\"@type\":\"ReadAction\",\"target\":[\"https:\\\/\\\/trashou.com\\\/index.php\\\/prestations\\\/autres-prestations\\\/\"]}]},{\"@type\":\"BreadcrumbList\",\"@id\":\"https:\\\/\\\/trashou.com\\\/index.php\\\/prestations\\\/autres-prestations\\\/#breadcrumb\",\"itemListElement\":[{\"@type\":\"ListItem\",\"position\":1,\"name\":\"Accueil\",\"item\":\"https:\\\/\\\/trashou.com\\\/\"},{\"@type\":\"ListItem\",\"position\":2,\"name\":\"Prestations\",\"item\":\"https:\\\/\\\/trashou.com\\\/index.php\\\/prestations\\\/\"},{\"@type\":\"ListItem\",\"position\":3,\"name\":\"Autres prestations\"}]},{\"@type\":\"WebSite\",\"@id\":\"https:\\\/\\\/trashou.com\\\/#website\",\"url\":\"https:\\\/\\\/trashou.com\\\/\",\"name\":\"Trashou.com\",\"description\":\"Mettez au panier vos anciennes id\u00e9es sur internet !\",\"publisher\":{\"@id\":\"https:\\\/\\\/trashou.com\\\/#organization\"},\"potentialAction\":[{\"@type\":\"SearchAction\",\"target\":{\"@type\":\"EntryPoint\",\"urlTemplate\":\"https:\\\/\\\/trashou.com\\\/?s={search_term_string}\"},\"query-input\":{\"@type\":\"PropertyValueSpecification\",\"valueRequired\":true,\"valueName\":\"search_term_string\"}}],\"inLanguage\":\"fr-FR\"},{\"@type\":\"Organization\",\"@id\":\"https:\\\/\\\/trashou.com\\\/#organization\",\"name\":\"Trashou.com\",\"url\":\"https:\\\/\\\/trashou.com\\\/\",\"logo\":{\"@type\":\"ImageObject\",\"inLanguage\":\"fr-FR\",\"@id\":\"https:\\\/\\\/trashou.com\\\/#\\\/schema\\\/logo\\\/image\\\/\",\"url\":\"https:\\\/\\\/trashou.com\\\/wp-content\\\/uploads\\\/2019\\\/11\\\/Logo_trashou.png\",\"contentUrl\":\"https:\\\/\\\/trashou.com\\\/wp-content\\\/uploads\\\/2019\\\/11\\\/Logo_trashou.png\",\"width\":150,\"height\":26,\"caption\":\"Trashou.com\"},\"image\":{\"@id\":\"https:\\\/\\\/trashou.com\\\/#\\\/schema\\\/logo\\\/image\\\/\"},\"sameAs\":[\"https:\\\/\\\/www.facebook.com\\\/Trashoucom\",\"https:\\\/\\\/www.linkedin.com\\\/company\\\/trashou.com\\\/\"]}]}<\/script>\n<!-- \/ Yoast SEO plugin. -->","yoast_head_json":{"title":"Autres prestations - Trashou.com","robots":{"index":"index","follow":"follow","max-snippet":"max-snippet:-1","max-image-preview":"max-image-preview:large","max-video-preview":"max-video-preview:-1"},"canonical":"https:\/\/trashou.com\/index.php\/prestations\/autres-prestations\/","og_locale":"fr_FR","og_type":"article","og_title":"Autres prestations - Trashou.com","og_url":"https:\/\/trashou.com\/index.php\/prestations\/autres-prestations\/","og_site_name":"Trashou.com","article_publisher":"https:\/\/www.facebook.com\/Trashoucom","article_modified_time":"2019-09-26T12:25:44+00:00","twitter_card":"summary_large_image","schema":{"@context":"https:\/\/schema.org","@graph":[{"@type":"WebPage","@id":"https:\/\/trashou.com\/index.php\/prestations\/autres-prestations\/","url":"https:\/\/trashou.com\/index.php\/prestations\/autres-prestations\/","name":"Autres prestations - Trashou.com","isPartOf":{"@id":"https:\/\/trashou.com\/#website"},"datePublished":"2019-08-15T12:51:41+00:00","dateModified":"2019-09-26T12:25:44+00:00","breadcrumb":{"@id":"https:\/\/trashou.com\/index.php\/prestations\/autres-prestations\/#breadcrumb"},"inLanguage":"fr-FR","potentialAction":[{"@type":"ReadAction","target":["https:\/\/trashou.com\/index.php\/prestations\/autres-prestations\/"]}]},{"@type":"BreadcrumbList","@id":"https:\/\/trashou.com\/index.php\/prestations\/autres-prestations\/#breadcrumb","itemListElement":[{"@type":"ListItem","position":1,"name":"Accueil","item":"https:\/\/trashou.com\/"},{"@type":"ListItem","position":2,"name":"Prestations","item":"https:\/\/trashou.com\/index.php\/prestations\/"},{"@type":"ListItem","position":3,"name":"Autres prestations"}]},{"@type":"WebSite","@id":"https:\/\/trashou.com\/#website","url":"https:\/\/trashou.com\/","name":"Trashou.com","description":"Mettez au panier vos anciennes id\u00e9es sur internet !","publisher":{"@id":"https:\/\/trashou.com\/#organization"},"potentialAction":[{"@type":"SearchAction","target":{"@type":"EntryPoint","urlTemplate":"https:\/\/trashou.com\/?s={search_term_string}"},"query-input":{"@type":"PropertyValueSpecification","valueRequired":true,"valueName":"search_term_string"}}],"inLanguage":"fr-FR"},{"@type":"Organization","@id":"https:\/\/trashou.com\/#organization","name":"Trashou.com","url":"https:\/\/trashou.com\/","logo":{"@type":"ImageObject","inLanguage":"fr-FR","@id":"https:\/\/trashou.com\/#\/schema\/logo\/image\/","url":"https:\/\/trashou.com\/wp-content\/uploads\/2019\/11\/Logo_trashou.png","contentUrl":"https:\/\/trashou.com\/wp-content\/uploads\/2019\/11\/Logo_trashou.png","width":150,"height":26,"caption":"Trashou.com"},"image":{"@id":"https:\/\/trashou.com\/#\/schema\/logo\/image\/"},"sameAs":["https:\/\/www.facebook.com\/Trashoucom","https:\/\/www.linkedin.com\/company\/trashou.com\/"]}]}},"_links":{"self":[{"href":"https:\/\/trashou.com\/index.php\/wp-json\/wp\/v2\/pages\/743","targetHints":{"allow":["GET"]}}],"collection":[{"href":"https:\/\/trashou.com\/index.php\/wp-json\/wp\/v2\/pages"}],"about":[{"href":"https:\/\/trashou.com\/index.php\/wp-json\/wp\/v2\/types\/page"}],"author":[{"embeddable":true,"href":"https:\/\/trashou.com\/index.php\/wp-json\/wp\/v2\/users\/2"}],"replies":[{"embeddable":true,"href":"https:\/\/trashou.com\/index.php\/wp-json\/wp\/v2\/comments?post=743"}],"version-history":[{"count":26,"href":"https:\/\/trashou.com\/index.php\/wp-json\/wp\/v2\/pages\/743\/revisions"}],"predecessor-version":[{"id":1370,"href":"https:\/\/trashou.com\/index.php\/wp-json\/wp\/v2\/pages\/743\/revisions\/1370"}],"up":[{"embeddable":true,"href":"https:\/\/trashou.com\/index.php\/wp-json\/wp\/v2\/pages\/705"}],"wp:attachment":[{"href":"https:\/\/trashou.com\/index.php\/wp-json\/wp\/v2\/media?parent=743"}],"curies":[{"name":"wp","href":"https:\/\/api.w.org\/{rel}","templated":true}]}}