{"id":709,"date":"2019-08-15T13:29:58","date_gmt":"2019-08-15T11:29:58","guid":{"rendered":"http:\/\/trashou.com\/?page_id=709"},"modified":"2020-11-24T16:34:14","modified_gmt":"2020-11-24T15:34:14","slug":"creation-sites-internet","status":"publish","type":"page","link":"https:\/\/trashou.com\/index.php\/prestations\/creation-sites-internet\/","title":{"rendered":"Prestations : Cr\u00e9ation de sites internet"},"content":{"rendered":"<div id=\"pl-gb709-69e766528cb2f\"  class=\"panel-layout\" ><div id=\"pg-gb709-69e766528cb2f-0\"  class=\"panel-grid panel-no-style\" ><div id=\"pgc-gb709-69e766528cb2f-0-0\"  class=\"panel-grid-cell\" ><div id=\"panel-gb709-69e766528cb2f-0-0-0\" class=\"so-panel widget widget_media_image panel-first-child panel-last-child\" data-index=\"0\" ><img loading=\"lazy\" decoding=\"async\" width=\"1920\" height=\"700\" src=\"https:\/\/trashou.com\/wp-content\/uploads\/2019\/09\/speed-light-1920x700.jpg\" class=\"image wp-image-1048  attachment-full size-full\" alt=\"\" style=\"max-width: 100%; height: auto;\" srcset=\"https:\/\/trashou.com\/wp-content\/uploads\/2019\/09\/speed-light-1920x700.jpg 1920w, https:\/\/trashou.com\/wp-content\/uploads\/2019\/09\/speed-light-1920x700-300x109.jpg 300w, https:\/\/trashou.com\/wp-content\/uploads\/2019\/09\/speed-light-1920x700-768x280.jpg 768w, https:\/\/trashou.com\/wp-content\/uploads\/2019\/09\/speed-light-1920x700-1024x373.jpg 1024w\" sizes=\"auto, (max-width: 1920px) 100vw, 1920px\" \/><\/div><\/div><\/div><div id=\"pg-gb709-69e766528cb2f-1\"  class=\"panel-grid panel-no-style\" ><div id=\"pgc-gb709-69e766528cb2f-1-0\"  class=\"panel-grid-cell\" ><div id=\"panel-gb709-69e766528cb2f-1-0-0\" class=\"so-panel widget widget_text panel-first-child panel-last-child\" data-index=\"1\" >\t\t\t<div class=\"textwidget\"><p><strong>Cr\u00e9er un site internet<\/strong> est une op\u00e9ration complexe. Il faut prendre en compte <strong>les besoins du client<\/strong> sans omettre l&rsquo;<strong>exp\u00e9rience utilisateur<\/strong> des futurs visiteurs du site et <strong>motiver la prise de contact<\/strong> (ou <strong>de commande<\/strong> dans le cas de <strong>sites e-commerces<\/strong>)<\/p>\n<p>Il m&rsquo;appartient de cerner au mieux les <strong>besoins et contraintes<\/strong> de mes clients, tout en maximisant l&rsquo;<strong>UX design<\/strong> (cette fameuse exp\u00e9rience utilisateur) afin de transformer la visite du site en business pour mon client.<\/p>\n<p>Et comme cr\u00e9er un <strong>site institutionnel<\/strong> n&rsquo;est pas du tout la m\u00eame chose que de monter une <strong>boutique e-commerce<\/strong>, <u>chacun de mes projets est unique<\/u>.<\/p>\n<\/div>\n\t\t<\/div><\/div><\/div><div id=\"pg-gb709-69e766528cb2f-2\"  class=\"panel-grid panel-no-style\" ><div id=\"pgc-gb709-69e766528cb2f-2-0\"  class=\"panel-grid-cell\" ><div id=\"panel-gb709-69e766528cb2f-2-0-0\" class=\"so-panel widget widget_siteorigin-panels-builder panel-first-child panel-last-child\" data-index=\"2\" ><div id=\"pl-w5fbd27ef71599\"  class=\"panel-layout\" ><div id=\"pg-w5fbd27ef71599-0\"  class=\"panel-grid panel-no-style\" ><div id=\"pgc-w5fbd27ef71599-0-0\"  class=\"panel-grid-cell\" ><div id=\"panel-w5fbd27ef71599-0-0-0\" class=\"so-panel widget widget_text panel-first-child panel-last-child\" data-index=\"0\" ><div class=\"flash_inherit_color panel-widget-style panel-widget-style-for-w5fbd27ef71599-0-0-0\" >\t\t\t<div class=\"textwidget\"><p><strong style=\"font-size: 18px;color: #004a98 !important;\">Pack Carte de Visite<\/strong><\/p>\n<ul>\n<li>charte graphique<\/li>\n<li>1 page statique<br \/>\n(coordonn\u00e9es, br\u00e8ve pr\u00e9sentation de l&rsquo;activit\u00e9, email de contact)<\/li>\n<li>1 compte e-mail<\/li>\n<li>h\u00e9bergement professionnel (1 an)<\/li>\n<li>1 nom de domaine + adresses emails (1 an)<\/li>\n<li>\u00e0 partir de <strong>800 \u20ac HT*<\/strong><\/li>\n<\/ul>\n<\/div>\n\t\t<\/div><\/div><\/div><div id=\"pgc-w5fbd27ef71599-0-1\"  class=\"panel-grid-cell\" ><div id=\"panel-w5fbd27ef71599-0-1-0\" class=\"so-panel widget widget_text panel-first-child panel-last-child\" data-index=\"1\" ><div class=\"flash_inherit_color panel-widget-style panel-widget-style-for-w5fbd27ef71599-0-1-0\" >\t\t\t<div class=\"textwidget\"><p><strong style=\"font-size: 18px;color: #004a98 !important;\">Pack Vitrine<\/strong><\/p>\n<ul>\n<li>charte graphique<\/li>\n<li>10 pages statiques (accueil, contact (formulaire), liens, plan du site, pr\u00e9sentation + 5 pages relatives \u00e0 votre activit\u00e9)<\/li>\n<li>jusqu&rsquo;\u00e0 10 comptes e-mail<\/li>\n<li>h\u00e9bergement professionnel (1 an)<\/li>\n<li>1 nom de domaine + adresses emails (1 an)<\/li>\n<li>assistance webmaster 5h<sup>+<\/sup> (1 an)<\/li>\n<li>r\u00e9f\u00e9rencement basique<\/li>\n<li>\u00e0 partir de <strong>1200 \u20ac HT*<\/strong><\/li>\n<\/ul>\n<\/div>\n\t\t<\/div><\/div><\/div><\/div><div id=\"pg-w5fbd27ef71599-1\"  class=\"panel-grid panel-no-style\" ><div id=\"pgc-w5fbd27ef71599-1-0\"  class=\"panel-grid-cell\" ><div id=\"panel-w5fbd27ef71599-1-0-0\" class=\"so-panel widget widget_text panel-first-child panel-last-child\" data-index=\"2\" ><div class=\"flash_inherit_color panel-widget-style panel-widget-style-for-w5fbd27ef71599-1-0-0\" >\t\t\t<div class=\"textwidget\"><p><strong style=\"font-size: 18px; color: #004a98 !important;\">Pack Dynamique<\/strong><\/p>\n<ul>\n<li>charte graphique<\/li>\n<li>gabarit de page statique<\/li>\n<li>jusqu&rsquo;\u00e0 10 comptes e-mail<\/li>\n<li>h\u00e9bergement professionnel (1 an)<\/li>\n<li>1 nom de domaine + adresses emails (1 an)<\/li>\n<li>construction de l&rsquo;arborescence du site<\/li>\n<li>int\u00e9gration des pages<\/li>\n<li>administration<sup>++<\/sup><\/li>\n<li>assistance webmaster 5h<sup>+<\/sup> (1 an)<\/li>\n<li>r\u00e9f\u00e9rencement basique<\/li>\n<li>\u00e0 partir de<strong> 2000\u20ac HT<\/strong>*<\/li>\n<\/ul>\n<\/div>\n\t\t<\/div><\/div><\/div><div id=\"pgc-w5fbd27ef71599-1-1\"  class=\"panel-grid-cell\" ><div id=\"panel-w5fbd27ef71599-1-1-0\" class=\"so-panel widget widget_text panel-first-child panel-last-child\" data-index=\"3\" ><div class=\"flash_inherit_color panel-widget-style panel-widget-style-for-w5fbd27ef71599-1-1-0\" >\t\t\t<div class=\"textwidget\"><p><strong style=\"font-size: 18px; color: #004a98 !important;\">Pack E-Commerce<\/strong><\/p>\n<ul>\n<li>charte graphique<\/li>\n<li>gabarit de page statique<\/li>\n<li>jusqu&rsquo;\u00e0 10 comptes e-mail<\/li>\n<li>h\u00e9bergement professionnel (1 an)<\/li>\n<li>1 nom de domaine + adresses emails (1 an)<\/li>\n<li>cr\u00e9ation de la base de donn\u00e9es<\/li>\n<li>mise en place des premiers produits<\/li>\n<li>configuration du panier et du module de paiement<\/li>\n<li>administration<sup>++<\/sup><\/li>\n<li>assistance webmaster 5h<sup>+<\/sup> (1 an)<\/li>\n<li>r\u00e9f\u00e9rencement basique<\/li>\n<li>\u00e0 partir de<strong> 2000\u20ac HT<\/strong>*<\/li>\n<\/ul>\n<\/div>\n\t\t<\/div><\/div><\/div><\/div><div id=\"pg-w5fbd27ef71599-2\"  class=\"panel-grid panel-no-style\" ><div id=\"pgc-w5fbd27ef71599-2-0\"  class=\"panel-grid-cell\" ><div id=\"panel-w5fbd27ef71599-2-0-0\" class=\"so-panel widget widget_text panel-first-child panel-last-child\" data-index=\"4\" ><div class=\"flash_inherit_color panel-widget-style panel-widget-style-for-w5fbd27ef71599-2-0-0\" >\t\t\t<div class=\"textwidget\"><p><strong style=\"font-size: 18px; color: #004a98 !important;\">Refonte de site \/ relookage<\/strong><br \/>\n&#8211; Votre site n&rsquo;offre plus une image repr\u00e9sentative de votre activit\u00e9<br \/>\n&#8211; Il ne correspond plus \u00e0 la charte graphique que vous utilisez avec vos autres supports de communication<br \/>\n&#8211; Il est h\u00e9berg\u00e9 sur un site personnel<br \/>\n&#8211; Il est lent ou plus en phase avec le web<br \/>\n&#8211; Vos visiteurs ne transforment pas leur venue (prise de contact, vente)\u2026<\/p>\n<p>Je peux vous proposer une modernisation de votre site ! Ensemble nous pourrons am\u00e9liorer son aspect, revoir son ergonomie, dynamiser le parcours client (UX design), le moderniser en vous permettant de l&rsquo;administrer vous-m\u00eame\u2026<\/p>\n<\/div>\n\t\t<\/div><\/div><\/div><\/div><div id=\"pg-w5fbd27ef71599-3\"  class=\"panel-grid panel-no-style\" ><div id=\"pgc-w5fbd27ef71599-3-0\"  class=\"panel-grid-cell\" ><div id=\"panel-w5fbd27ef71599-3-0-0\" class=\"so-panel widget widget_themegrill_flash_cta tg-widget call-to-action-section panel-first-child panel-last-child\" data-index=\"5\" ><div class=\"flash_inherit_color panel-widget-style panel-widget-style-for-w5fbd27ef71599-3-0-0\" ><div class=\"cta-wrapper call-to-action-section-layout-2\">\n\t<div class=\"section-title-wrapper\">\n\t\t\t\t<h3 class=\"section-title\">Vous souhaitez en savoir plus ?<\/h3>\n\t\t\t<\/div>\n\t\t<div class=\"btn-wrapper\">\n\t\t\t\t<a class=\"btn\" href=\"https:\/\/trashou.com\/index.php\/contact\/\">Contactez-moi<\/a>\n\t\t\t\t\t<\/div>\n\t<\/div>\n<\/div><\/div><\/div><\/div><div id=\"pg-w5fbd27ef71599-4\"  class=\"panel-grid panel-no-style\" ><div id=\"pgc-w5fbd27ef71599-4-0\"  class=\"panel-grid-cell\" ><div id=\"panel-w5fbd27ef71599-4-0-0\" class=\"so-panel widget widget_text panel-first-child panel-last-child\" data-index=\"6\" >\t\t\t<div class=\"textwidget\"><p><sup>+<\/sup> les 5 heures d&rsquo;assistance webmaster vont permettre de faire toutes les petites corrections d&rsquo;auteur qui vous auraient \u00e9chapp\u00e9es lors de la mise en ligne du site. Ce cr\u00e9dit d&rsquo;heures est valable un an.<br \/>\n<sup>++<\/sup> administration : partie du site, invisible pour le visiteur, qui vous permettra de faire, vous-m\u00eame, vos mises \u00e0 jour sur le site.<\/p>\n<\/div>\n\t\t<\/div><\/div><\/div><div id=\"pg-w5fbd27ef71599-5\"  class=\"panel-grid panel-no-style\" ><div id=\"pgc-w5fbd27ef71599-5-0\"  class=\"panel-grid-cell\" ><div id=\"panel-w5fbd27ef71599-5-0-0\" class=\"so-panel widget widget_text panel-first-child panel-last-child\" data-index=\"7\" ><div class=\"flash_inherit_color panel-widget-style panel-widget-style-for-w5fbd27ef71599-5-0-0\" ><h3 class=\"widget-title\">Quelques d\u00e9finitions<\/h3>\t\t\t<div class=\"textwidget\"><div class=\"textwidget\">\n<ul>\n<li><strong>H\u00e9bergement :<\/strong> Afin de rendre disponible un site web 24\/24H il est n\u00e9cessaire qu\u2019il soit h\u00e9berg\u00e9 sur un serveur reli\u00e9 en permanence \u00e0 Internet. Il est conseill\u00e9 de recourir aux services d\u2019un h\u00e9bergeur, c\u2019est-\u00e0-dire une soci\u00e9t\u00e9 proposant l\u2019h\u00e9bergement du site internet sur des serveurs sp\u00e9cialis\u00e9s connect\u00e9s en permanence \u00e0 internet \u00e0 tr\u00e8s haut d\u00e9bit.<\/li>\n<li><strong>Nom de domaine :<\/strong> Le nom de domaine est l\u2019adresse textuelle permettant d\u2019acc\u00e9der facilement \u00e0 un site sur Internet. Le caract\u00e8re strat\u00e9gique et distinctif du nom de domaine pour une entreprise ou une organisation est d\u00e9sormais reconnu, au m\u00eame titre que celui de la marque, car il permet de v\u00e9hiculer son image sur Internet. Un site internet poss\u00e9dant son propre nom de domaine, est beaucoup plus facile \u00e0 m\u00e9moriser. Ainsi, un visiteur reviendra plus facilement sur un site dont le nom est facile \u00e0 retenir que sur un site dont le nom est extr\u00eamement compliqu\u00e9. De plus, un nom de domaine bien choisi favorisera le bouche \u00e0 oreille et permettra au site de gagner plus vite en popularit\u00e9. Enfin, un nom de domaine donne g\u00e9n\u00e9ralement une touche de professionnalisme et de cr\u00e9dibilit\u00e9 \u00e0 un site internet, et provoque chez l\u2019internaute un sentiment de confiance plus fort.<\/li>\n<\/ul>\n<\/div>\n<\/div>\n\t\t<\/div><\/div><\/div><\/div><\/div><\/div><\/div><\/div><\/div>","protected":false},"excerpt":{"rendered":"<p>Cr\u00e9er un site internet est une op\u00e9ration complexe. Il faut prendre en compte les besoins du client sans omettre l&rsquo;exp\u00e9rience [&hellip;]<\/p>\n","protected":false},"author":2,"featured_media":0,"parent":705,"menu_order":0,"comment_status":"closed","ping_status":"closed","template":"","meta":{"footnotes":""},"class_list":["post-709","page","type-page","status-publish","hentry"],"yoast_head":"<!-- This site is optimized with the Yoast SEO plugin v27.4 - https:\/\/yoast.com\/product\/yoast-seo-wordpress\/ -->\n<title>Prestations : Cr\u00e9ation de sites internet - Trashou.com<\/title>\n<meta name=\"robots\" content=\"index, follow, max-snippet:-1, max-image-preview:large, max-video-preview:-1\" \/>\n<link rel=\"canonical\" href=\"https:\/\/trashou.com\/index.php\/prestations\/creation-sites-internet\/\" \/>\n<meta property=\"og:locale\" content=\"fr_FR\" \/>\n<meta property=\"og:type\" content=\"article\" \/>\n<meta property=\"og:title\" content=\"Prestations : Cr\u00e9ation de sites internet - Trashou.com\" \/>\n<meta property=\"og:description\" content=\"Cr\u00e9er un site internet est une op\u00e9ration complexe. Il faut prendre en compte les besoins du client sans omettre l&#039;exp\u00e9rience [&hellip;]\" \/>\n<meta property=\"og:url\" content=\"https:\/\/trashou.com\/index.php\/prestations\/creation-sites-internet\/\" \/>\n<meta property=\"og:site_name\" content=\"Trashou.com\" \/>\n<meta property=\"article:publisher\" content=\"https:\/\/www.facebook.com\/Trashoucom\" \/>\n<meta property=\"article:modified_time\" content=\"2020-11-24T15:34:14+00:00\" \/>\n<meta property=\"og:image\" content=\"http:\/\/trashou.com\/wp-content\/uploads\/2019\/09\/speed-light-1920x700.jpg\" \/>\n<meta name=\"twitter:card\" content=\"summary_large_image\" \/>\n<meta name=\"twitter:label1\" content=\"Dur\u00e9e de lecture estim\u00e9e\" \/>\n\t<meta name=\"twitter:data1\" content=\"3 minutes\" \/>\n<script type=\"application\/ld+json\" class=\"yoast-schema-graph\">{\"@context\":\"https:\\\/\\\/schema.org\",\"@graph\":[{\"@type\":\"WebPage\",\"@id\":\"https:\\\/\\\/trashou.com\\\/index.php\\\/prestations\\\/creation-sites-internet\\\/\",\"url\":\"https:\\\/\\\/trashou.com\\\/index.php\\\/prestations\\\/creation-sites-internet\\\/\",\"name\":\"Prestations : Cr\u00e9ation de sites internet - Trashou.com\",\"isPartOf\":{\"@id\":\"https:\\\/\\\/trashou.com\\\/#website\"},\"primaryImageOfPage\":{\"@id\":\"https:\\\/\\\/trashou.com\\\/index.php\\\/prestations\\\/creation-sites-internet\\\/#primaryimage\"},\"image\":{\"@id\":\"https:\\\/\\\/trashou.com\\\/index.php\\\/prestations\\\/creation-sites-internet\\\/#primaryimage\"},\"thumbnailUrl\":\"http:\\\/\\\/trashou.com\\\/wp-content\\\/uploads\\\/2019\\\/09\\\/speed-light-1920x700.jpg\",\"datePublished\":\"2019-08-15T11:29:58+00:00\",\"dateModified\":\"2020-11-24T15:34:14+00:00\",\"breadcrumb\":{\"@id\":\"https:\\\/\\\/trashou.com\\\/index.php\\\/prestations\\\/creation-sites-internet\\\/#breadcrumb\"},\"inLanguage\":\"fr-FR\",\"potentialAction\":[{\"@type\":\"ReadAction\",\"target\":[\"https:\\\/\\\/trashou.com\\\/index.php\\\/prestations\\\/creation-sites-internet\\\/\"]}]},{\"@type\":\"ImageObject\",\"inLanguage\":\"fr-FR\",\"@id\":\"https:\\\/\\\/trashou.com\\\/index.php\\\/prestations\\\/creation-sites-internet\\\/#primaryimage\",\"url\":\"http:\\\/\\\/trashou.com\\\/wp-content\\\/uploads\\\/2019\\\/09\\\/speed-light-1920x700.jpg\",\"contentUrl\":\"http:\\\/\\\/trashou.com\\\/wp-content\\\/uploads\\\/2019\\\/09\\\/speed-light-1920x700.jpg\"},{\"@type\":\"BreadcrumbList\",\"@id\":\"https:\\\/\\\/trashou.com\\\/index.php\\\/prestations\\\/creation-sites-internet\\\/#breadcrumb\",\"itemListElement\":[{\"@type\":\"ListItem\",\"position\":1,\"name\":\"Accueil\",\"item\":\"https:\\\/\\\/trashou.com\\\/\"},{\"@type\":\"ListItem\",\"position\":2,\"name\":\"Prestations\",\"item\":\"https:\\\/\\\/trashou.com\\\/index.php\\\/prestations\\\/\"},{\"@type\":\"ListItem\",\"position\":3,\"name\":\"Prestations : Cr\u00e9ation de sites internet\"}]},{\"@type\":\"WebSite\",\"@id\":\"https:\\\/\\\/trashou.com\\\/#website\",\"url\":\"https:\\\/\\\/trashou.com\\\/\",\"name\":\"Trashou.com\",\"description\":\"Mettez au panier vos anciennes id\u00e9es sur internet !\",\"publisher\":{\"@id\":\"https:\\\/\\\/trashou.com\\\/#organization\"},\"potentialAction\":[{\"@type\":\"SearchAction\",\"target\":{\"@type\":\"EntryPoint\",\"urlTemplate\":\"https:\\\/\\\/trashou.com\\\/?s={search_term_string}\"},\"query-input\":{\"@type\":\"PropertyValueSpecification\",\"valueRequired\":true,\"valueName\":\"search_term_string\"}}],\"inLanguage\":\"fr-FR\"},{\"@type\":\"Organization\",\"@id\":\"https:\\\/\\\/trashou.com\\\/#organization\",\"name\":\"Trashou.com\",\"url\":\"https:\\\/\\\/trashou.com\\\/\",\"logo\":{\"@type\":\"ImageObject\",\"inLanguage\":\"fr-FR\",\"@id\":\"https:\\\/\\\/trashou.com\\\/#\\\/schema\\\/logo\\\/image\\\/\",\"url\":\"https:\\\/\\\/trashou.com\\\/wp-content\\\/uploads\\\/2019\\\/11\\\/Logo_trashou.png\",\"contentUrl\":\"https:\\\/\\\/trashou.com\\\/wp-content\\\/uploads\\\/2019\\\/11\\\/Logo_trashou.png\",\"width\":150,\"height\":26,\"caption\":\"Trashou.com\"},\"image\":{\"@id\":\"https:\\\/\\\/trashou.com\\\/#\\\/schema\\\/logo\\\/image\\\/\"},\"sameAs\":[\"https:\\\/\\\/www.facebook.com\\\/Trashoucom\",\"https:\\\/\\\/www.linkedin.com\\\/company\\\/trashou.com\\\/\"]}]}<\/script>\n<!-- \/ Yoast SEO plugin. -->","yoast_head_json":{"title":"Prestations : Cr\u00e9ation de sites internet - Trashou.com","robots":{"index":"index","follow":"follow","max-snippet":"max-snippet:-1","max-image-preview":"max-image-preview:large","max-video-preview":"max-video-preview:-1"},"canonical":"https:\/\/trashou.com\/index.php\/prestations\/creation-sites-internet\/","og_locale":"fr_FR","og_type":"article","og_title":"Prestations : Cr\u00e9ation de sites internet - Trashou.com","og_description":"Cr\u00e9er un site internet est une op\u00e9ration complexe. Il faut prendre en compte les besoins du client sans omettre l'exp\u00e9rience [&hellip;]","og_url":"https:\/\/trashou.com\/index.php\/prestations\/creation-sites-internet\/","og_site_name":"Trashou.com","article_publisher":"https:\/\/www.facebook.com\/Trashoucom","article_modified_time":"2020-11-24T15:34:14+00:00","og_image":[{"url":"http:\/\/trashou.com\/wp-content\/uploads\/2019\/09\/speed-light-1920x700.jpg","type":"","width":"","height":""}],"twitter_card":"summary_large_image","twitter_misc":{"Dur\u00e9e de lecture estim\u00e9e":"3 minutes"},"schema":{"@context":"https:\/\/schema.org","@graph":[{"@type":"WebPage","@id":"https:\/\/trashou.com\/index.php\/prestations\/creation-sites-internet\/","url":"https:\/\/trashou.com\/index.php\/prestations\/creation-sites-internet\/","name":"Prestations : Cr\u00e9ation de sites internet - Trashou.com","isPartOf":{"@id":"https:\/\/trashou.com\/#website"},"primaryImageOfPage":{"@id":"https:\/\/trashou.com\/index.php\/prestations\/creation-sites-internet\/#primaryimage"},"image":{"@id":"https:\/\/trashou.com\/index.php\/prestations\/creation-sites-internet\/#primaryimage"},"thumbnailUrl":"http:\/\/trashou.com\/wp-content\/uploads\/2019\/09\/speed-light-1920x700.jpg","datePublished":"2019-08-15T11:29:58+00:00","dateModified":"2020-11-24T15:34:14+00:00","breadcrumb":{"@id":"https:\/\/trashou.com\/index.php\/prestations\/creation-sites-internet\/#breadcrumb"},"inLanguage":"fr-FR","potentialAction":[{"@type":"ReadAction","target":["https:\/\/trashou.com\/index.php\/prestations\/creation-sites-internet\/"]}]},{"@type":"ImageObject","inLanguage":"fr-FR","@id":"https:\/\/trashou.com\/index.php\/prestations\/creation-sites-internet\/#primaryimage","url":"http:\/\/trashou.com\/wp-content\/uploads\/2019\/09\/speed-light-1920x700.jpg","contentUrl":"http:\/\/trashou.com\/wp-content\/uploads\/2019\/09\/speed-light-1920x700.jpg"},{"@type":"BreadcrumbList","@id":"https:\/\/trashou.com\/index.php\/prestations\/creation-sites-internet\/#breadcrumb","itemListElement":[{"@type":"ListItem","position":1,"name":"Accueil","item":"https:\/\/trashou.com\/"},{"@type":"ListItem","position":2,"name":"Prestations","item":"https:\/\/trashou.com\/index.php\/prestations\/"},{"@type":"ListItem","position":3,"name":"Prestations : Cr\u00e9ation de sites internet"}]},{"@type":"WebSite","@id":"https:\/\/trashou.com\/#website","url":"https:\/\/trashou.com\/","name":"Trashou.com","description":"Mettez au panier vos anciennes id\u00e9es sur internet !","publisher":{"@id":"https:\/\/trashou.com\/#organization"},"potentialAction":[{"@type":"SearchAction","target":{"@type":"EntryPoint","urlTemplate":"https:\/\/trashou.com\/?s={search_term_string}"},"query-input":{"@type":"PropertyValueSpecification","valueRequired":true,"valueName":"search_term_string"}}],"inLanguage":"fr-FR"},{"@type":"Organization","@id":"https:\/\/trashou.com\/#organization","name":"Trashou.com","url":"https:\/\/trashou.com\/","logo":{"@type":"ImageObject","inLanguage":"fr-FR","@id":"https:\/\/trashou.com\/#\/schema\/logo\/image\/","url":"https:\/\/trashou.com\/wp-content\/uploads\/2019\/11\/Logo_trashou.png","contentUrl":"https:\/\/trashou.com\/wp-content\/uploads\/2019\/11\/Logo_trashou.png","width":150,"height":26,"caption":"Trashou.com"},"image":{"@id":"https:\/\/trashou.com\/#\/schema\/logo\/image\/"},"sameAs":["https:\/\/www.facebook.com\/Trashoucom","https:\/\/www.linkedin.com\/company\/trashou.com\/"]}]}},"_links":{"self":[{"href":"https:\/\/trashou.com\/index.php\/wp-json\/wp\/v2\/pages\/709","targetHints":{"allow":["GET"]}}],"collection":[{"href":"https:\/\/trashou.com\/index.php\/wp-json\/wp\/v2\/pages"}],"about":[{"href":"https:\/\/trashou.com\/index.php\/wp-json\/wp\/v2\/types\/page"}],"author":[{"embeddable":true,"href":"https:\/\/trashou.com\/index.php\/wp-json\/wp\/v2\/users\/2"}],"replies":[{"embeddable":true,"href":"https:\/\/trashou.com\/index.php\/wp-json\/wp\/v2\/comments?post=709"}],"version-history":[{"count":27,"href":"https:\/\/trashou.com\/index.php\/wp-json\/wp\/v2\/pages\/709\/revisions"}],"predecessor-version":[{"id":1807,"href":"https:\/\/trashou.com\/index.php\/wp-json\/wp\/v2\/pages\/709\/revisions\/1807"}],"up":[{"embeddable":true,"href":"https:\/\/trashou.com\/index.php\/wp-json\/wp\/v2\/pages\/705"}],"wp:attachment":[{"href":"https:\/\/trashou.com\/index.php\/wp-json\/wp\/v2\/media?parent=709"}],"curies":[{"name":"wp","href":"https:\/\/api.w.org\/{rel}","templated":true}]}}